{"id":52,"date":"2021-11-09T14:42:29","date_gmt":"2021-11-09T14:42:29","guid":{"rendered":"https:\/\/healing-hearts.dk\/?page_id=52"},"modified":"2023-10-25T08:46:16","modified_gmt":"2023-10-25T08:46:16","slug":"priser","status":"publish","type":"page","link":"https:\/\/healing-hearts.dk\/?page_id=52","title":{"rendered":"Priser"},"content":{"rendered":"\n<div class=\"wp-block-group\"><div class=\"wp-block-group__inner-container is-layout-constrained wp-block-group-is-layout-constrained\">\n<div class=\"wp-block-columns is-layout-flex wp-container-core-columns-is-layout-9d6595d7 wp-block-columns-is-layout-flex\">\n<div class=\"wp-block-column is-layout-flow wp-block-column-is-layout-flow\">\n<p class=\"has-medium-font-size\"><strong><a href=\"Healing:\">Healing:<\/a><\/strong><br>30 min. kr. 450,-<br>45 min. kr. 660,-<br>60 min. kr. 830,-<\/p>\n<\/div>\n\n\n\n<div class=\"wp-block-column is-layout-flow wp-block-column-is-layout-flow\">\n<p class=\"has-medium-font-size\"><a href=\"https:\/\/bedandhealing.dk\/index.php\/healing\/\"><strong>Healing inkl. frekvens behandling:<\/strong><\/a><br>30 min. + 20 min. Terahertz frekvens behandling kr.   791,-<br>45 min. + 30 min. Terahertz frekvens behandling kr. 1.160,-<br>60 min. + 20 min. Terahertz frekvens behandling kr. 1.160,-<\/p>\n<\/div>\n<\/div>\n<\/div><\/div>\n\n\n\n<p class=\"has-text-color has-medium-font-size\" style=\"color:#25005c\"><strong>Har du brug for personlig terapi, parterapi, eller coaching er dette ogs\u00e5 muligt.<\/strong><br><br><strong>Terapi:<\/strong>&nbsp;(dyb avanceret behandlings terapi)<br>60 min. kr. 650,-<br>20 min. ekstra kr. 270,- (kan bruges til afsluttende healing)<\/p>\n\n\n\n<p class=\"has-text-color has-medium-font-size\" style=\"color:#25005c\"><strong>Parterapi:<\/strong><br>60 min. kr. 700<br>80 min. kr. 850,-<br>20 min. ekstra kr. 270,- (kan bruges til afsluttende healing)<br><br><strong>Coaching:<\/strong>\u00a0(effektive NLP-teknikker til at opn\u00e5 dine m\u00e5l)<br>30 min. kr. 300,-<br>45 min. kr. 400,-<br>60 min. kr. 500,-<br>15 min. ekstra kr. 200,- (kan bruges til afsluttende healing)<br><br><strong>Tarotkort:<\/strong>\u00a0(Dette kan ogs\u00e5 foreg\u00e5 p\u00e5 mail eller facetime)<br>\u00a0 1 kort kr.\u00a0 \u00a075,-<br>\u00a0 3 kort kr. 210,-<br>10 kort kr. 540,- (Det keltiske kors. Dette opl\u00e6g er meget omfattende)<br><br><strong>Brug for mere?<\/strong><br>Hvis du har brug for b\u00e5de at blive coachet, f\u00e5 terapi, lagt tarotkort og blive healet, finder vi en passende pris for det hele.<br>Ring eller send mig en mail p\u00e5: bedandhealing@gmail.com s\u00e5 finder vi en passende pris og  tid.<br><br>For dig som ikke kan betale fuld pris, tilbyder jeg 10 % rabat hver tirsdag formiddag.<br><br>Jeg modtager MobilePay, kontant eller via Zettlereader som modtager f\u00f8lgende kort: Visa, Mastercard, American Express, UnionPay, Diners Club International, JBC, Discover, G Pay, Appel Pay, Samsung Pay eller ved bankoverf\u00f8lelser f\u00f8r ankomst. Dette skal dog aftales inden. <br>\u00a0\u00a0<br><strong>Jeg kan kontaktes p\u00e5 tlf.: +45 93 990 211<\/strong><\/p>\n","protected":false},"excerpt":{"rendered":"<p>Healing:30 min. kr. 450,-45 min. kr. 660,-60 min. kr. 830,- Healing inkl. frekvens behandling:30 min. + 20 min. Terahertz frekvens behandling kr. 791,-45 min. + 30 min. Terahertz frekvens behandling kr. 1.160,-60 min. + 20 min. Terahertz frekvens behandling kr&#8230;.<\/p>\n","protected":false},"author":1,"featured_media":0,"parent":0,"menu_order":5,"comment_status":"closed","ping_status":"closed","template":"","meta":{"footnotes":""},"class_list":["post-52","page","type-page","status-publish","hentry"],"_links":{"self":[{"href":"https:\/\/healing-hearts.dk\/index.php?rest_route=\/wp\/v2\/pages\/52","targetHints":{"allow":["GET"]}}],"collection":[{"href":"https:\/\/healing-hearts.dk\/index.php?rest_route=\/wp\/v2\/pages"}],"about":[{"href":"https:\/\/healing-hearts.dk\/index.php?rest_route=\/wp\/v2\/types\/page"}],"author":[{"embeddable":true,"href":"https:\/\/healing-hearts.dk\/index.php?rest_route=\/wp\/v2\/users\/1"}],"replies":[{"embeddable":true,"href":"https:\/\/healing-hearts.dk\/index.php?rest_route=%2Fwp%2Fv2%2Fcomments&post=52"}],"version-history":[{"count":29,"href":"https:\/\/healing-hearts.dk\/index.php?rest_route=\/wp\/v2\/pages\/52\/revisions"}],"predecessor-version":[{"id":293,"href":"https:\/\/healing-hearts.dk\/index.php?rest_route=\/wp\/v2\/pages\/52\/revisions\/293"}],"wp:attachment":[{"href":"https:\/\/healing-hearts.dk\/index.php?rest_route=%2Fwp%2Fv2%2Fmedia&parent=52"}],"curies":[{"name":"wp","href":"https:\/\/api.w.org\/{rel}","templated":true}]}}